55 a multiple of 5?
True
Is 39 a factor of 3047733?
True
Is 2620420 a multiple of 44?
True
Is 40 a factor of 130054?
False
Does 25 divide 98000?
True
Is 1073019 a multiple of 208?
False
Is 156194 a multiple of 29?
True
Is 47 a factor of 11749?
False
Does 155 divide 571723?
False
Does 339 divide 523730?
False
Does 912 divide 3252192?
True
Does 92 divide 11561272?
True
Does 13 divide 7210?
False
Is 541 a factor of 96924?
False
Is 122 a factor of 185713?
False
Is 36 a factor of 374183?
False
Is 1378468 a multiple of 26?
True
Is 35 a factor of 683258?
False
Is 72 a factor of 398736?
True
Is 4341912 a multiple of 339?
True
Is 27 a factor of 599165?
False
Is 71 a factor of 384181?
True
Is 4952215 a multiple of 10?
False
Does 981 divide 4327191?
True
Does 219 divide 124611?
True
Is 991928 a multiple of 14?
True
Does 12 divide 1591516?
False
Is 63 a factor of 2394?
True
Does 4 divide 395490?
False
Is 3111807 a multiple of 194?
False
Is 72 a factor of 230112?
True
Is 840105 a multiple of 189?
True
Is 2881495 a multiple of 64?
False
Is 25 a factor of 1076004?
False
Is 287965 a multiple of 404?
False
Does 7 divide 304418?
False
Does 9 divide 1683396?
True
Is 13563 a multiple of 9?
True
Is 2488643 a multiple of 73?
True
Is 98 a factor of 792737?
False
Is 218 a factor of 165244?
True
Is 22 a factor of 6145612?
True
Is 311 a factor of 271037?
False
Is 899538 a multiple of 77?
False
Is 32594 a multiple of 6?
False
Does 6 divide 14176396?
False
Is 7 a factor of 259790?
False
Is 6 a factor of 157791?
False
Is 13 a factor of 25428?
True
Is 42 a factor of 54978?
True
Is 39 a factor of 3369509?
False
Is 343716 a multiple of 4?
True
Is 52845 a multiple of 13?
True
Does 34 divide 422015?
False
Is 82800 a multiple of 345?
True
Is 22940 a multiple of 7?
False
Is 153 a factor of 2801430?
True
Is 10 a factor of 101740?
True
Is 271 a factor of 90929?
False
Does 14 divide 3766?
True
Is 22 a factor of 256222?
False
Is 10849982 a multiple of 1298?
True
Is 65 a factor of 313600?
False
Is 181 a factor of 4511063?
True
Is 56 a factor of 15083320?
True
Is 35201 a multiple of 7?
False
Does 88 divide 1617465?
False
Does 72 divide 7207624?
False
Does 51 divide 3968208?
True
Is 172 a factor of 1923648?
True
Does 51 divide 108222?
True
Is 1107677 a multiple of 19?
False
Is 226817 a multiple of 103?
False
Is 652506 a multiple of 159?
False
Is 188131 a multiple of 3?
False
Is 8581248 a multiple of 573?
True
Is 29 a factor of 864084?
True
Is 719301 a multiple of 71?
True
Is 7 a factor of 3528343?
True
Is 1099832 a multiple of 8?
True
Does 341 divide 51866?
False
Is 277 a factor of 514666?
True
Is 385378 a multiple of 644?
False
Does 145 divide 302262?
False
Is 50 a factor of 104250?
True
Is 54 a factor of 97391?
False
Is 1108569 a multiple of 11?
True
Is 1153006 a multiple of 398?
True
Is 585 a factor of 443430?
True
Does 121 divide 543006?
False
Does 2 divide 370841?
False
Does 6 divide 816731?
False
Is 475627 a multiple of 156?
False
Is 106864 a multiple of 4?
True
Does 81 divide 580851?
True
Is 1030368 a multiple of 764?
False
Is 286 a factor of 5927922?
True
Does 16 divide 248271?
False
Is 186396 a multiple of 317?
True
Is 54543 a multiple of 52?
False
Is 18971849 a multiple of 1391?
True
Is 51 a factor of 294661?
False
Does 341 divide 113212?
True
Is 11 a factor of 1038268?
True
Is 1416 a factor of 7780920?
True
Does 54 divide 26850?
False
Is 443174 a multiple of 116?
False
Is 67 a factor of 2940295?
True
Is 208524 a multiple of 183?
False
Does 41 divide 12566558?
False
Is 2268033 a multiple of 4?
False
Is 23 a factor of 4205?
False
Is 99 a factor of 2949903?
True
Is 14 a factor of 59920?
True
Does 9 divide 1376807?
False
Is 28 a factor of 5005441?
False
Is 3221597 a multiple of 6?
False
Is 57440 a multiple of 33?
False
Does 2657 divide 27118136?
False
Does 55 divide 2368292?
False
Is 1284762 a multiple of 233?
True
Is 697050 a multiple of 9?
True
Is 330686 a multiple of 11?
False
Is 2444971 a multiple of 621?
False
Is 45 a factor of 479525?
False
Is 6008759 a multiple of 162?
False
Is 7 a factor of 823607?
False
Is 51 a factor of 190536?
True
Does 160 divide 4317007?
False
Is 35 a factor of 3537646?
False
Does 12 divide 93744?
True
Is 11882 a multiple of 457?
True
Is 568671 a multiple of 361?
False
Is 376 a factor of 1968736?
True
Is 20 a factor of 74682?
False
Is 1172567 a multiple of 8?
False
Does 100 divide 2702100?
True
Is 2135093 a multiple of 347?
False
Does 1430 divide 5512650?
True
Does 24 divide 32514?
False
Does 184 divide 842904?
True
Is 659345 a multiple of 5?
True
Is 467 a factor of 4374389?
True
Is 6 a factor of 6733956?
True
Is 233 a factor of 103399?
False
Is 9348634 a multiple of 864?
False
Is 155 a factor of 40300?
True
Does 13 divide 2989402?
True
Does 73 divide 232505?
True
Does 8 divide 1817142?
False
Does 42 divide 135999?
False
Does 154 divide 284900?
True
Is 4 a factor of 275704?
True
Does 70 divide 141690?
False
Is 111 a factor of 158175?
True
Is 170 a factor of 153340?
True
Is 1607 a factor of 1502370?
False
Does 14 divide 39690?
True
Does 15 divide 88530?
True
Is 394415 a multiple of 10?
False
Does 4 divide 83004?
True
Is 1321155 a multiple of 17?
True
Is 263 a factor of 677751?
True
Does 95 divide 11780?
True
Does 13 divide 169687?
False
Does 189 divide 11048576?
False
Does 91 divide 856219?
True
Is 177124 a multiple of 22?
False
Is 456618 a multiple of 4?
False
Does 30 divide 10095060?
True
Does 496 divide 169190?
False
Is 1375509 a multiple of 79?
False
Is 1535430 a multiple of 93?
True
Does 8 divide 157522?
False
Is 19 a factor of 12068724?
True
Is 13 a factor of 119535?
True
Is 16 a factor of 35616?
True
Does 223 divide 1364091?
True
Does 123 divide 910938?
True
Does 80 divide 61557?
False
Does 188 divide 1626576?
True
Is 11940 a multiple of 6?
True
Is 442 a factor of 1197820?
True
Is 76230 a multiple of 10?
True
Is 16 a factor of 31936?
True
Is 188 a factor of 31396?
True
Is 38 a factor of 1145548?
True
Is 2 a factor of 852836?
True
Does 729 divide 1079649?
True
Is 213498 a multiple of 10?
False
Does 352 divide 214368?
True
Does 264 divide 228898?
False
Is 308 a factor of 10472?
True
Is 2988624 a multiple of 87?
True
Is 394 a factor of 205253?
False
Does 58 divide 3169758?
True
Is 840520 a multiple of 158?
False
Is 5 a factor of 1859319?
False
Does 17 divide 10373?
False
Is 543875 a multiple of 14?
False
Is 73 a factor of 10629238?
True
Is 25 a factor of 145130?
False
Does 19 divide 1609395?
True
Is 6854736 a multiple of 73?
False
Is 44208 a multiple of 134?
False
Is 2758292 a multiple of 194?
True
Does 65 divide 1077954?
False
Does 114 divide 155332?
False
Is 921891 a multiple of 106?
False
Does 21 divide 74180?
False
Does 27 divide 239571?
True
Does 72 divide 89863?
False
Is 205535 a multiple of 2?
False
Is 1322499 a multiple of 52?
False
Is 31 a factor of 13764?
True
Does 6 divide 512365?
False
Is 342 a factor of 356369?
False
Does 98 divide 3343790?
False
Does 9 divide 69250?
False
Is 569990 a multiple of 10?
True
Is 634 a factor of 4703646?
True
Is 321 a factor of 127437?
True
Is 542 a factor of 7134346?
True
Is 3189515 a multiple of 165?
False
Is 6204 a multiple of 22?
True
Is 76 a factor of 2762828?
True
Does 124 divide 22692?
True
Is 1763284 a multiple of 38?
False
Does 558 divide 4331196?
True
Is 781757 a multiple of 381?
False
Does 54 divide 51710?
False
Does 27 divide 107271?
True
Is 399 a factor of 3319181?
False
Does 326 divide 337098?
False
Does 6 divide 222804?
True
Does 7 divide 195454?
True
Is 95718 a multiple of 42?
True
Is 1117851 a multiple of 1285?
False
Does 8 divide 471248?
True
Is 13 a factor of 120978?
True
Is 59 a factor of 825561?
False
Does 525 divide 356277?
False
Does 12 divide 1639929?
False
Is 37 a factor of 4092792?
True
Is 44264 a multiple of 72?
False
Does 88 divide 11644336?
True
Is 12 a factor of 5057301?
False
Does 3 divide 29952?
True
Is 348 a factor of 2817060?
True
Is 1250309 a multiple of 91?
False
Does 9 divide 277254?
True
Is 9 a factor of 478089?
True
Does 56 divide 564368?
True
Is 56328 a multiple of 8?
True
Is 571770 a multiple of 30?
True
Is 1378038 a multiple of 10?
False
Is 4871812 a multiple of 119?
False
Is 1789647 a multiple of 59?
True
Is 2 a factor of 1749?
False
Does 78 divide 2765646?
